54
Calculate the greatest common divisor of 1995 and 36708.
399
What is the greatest common divisor of 135 and 15?
15
What is the highest common divisor of 162 and 16332?
6
Calculate the greatest common factor of 9723 and 546.
21
Calculate the greatest common factor of 645 and 4.
1
Calculate the greatest common factor of 816 and 2020008.
408
What is the highest common divisor of 84624 and 7503?
123
What is the highest common divisor of 444805 and 595?
85
What is the greatest common divisor of 51348 and 3036?
132
What is the greatest common divisor of 17986 and 161?
23
What is the greatest common divisor of 387695 and 1155?
385
Calculate the greatest common divisor of 88 and 38296.
8
Calculate the greatest common factor of 81 and 9573.
3
What is the highest common divisor of 8911 and 3672605?
1273
What is the highest common divisor of 220 and 55110?
110
What is the greatest common divisor of 17368 and 208?
104
Calculate the greatest common factor of 631886 and 148.
74
Calculate the highest common divisor of 43898 and 94.
94
Calculate the greatest common factor of 133 and 440534.
19
What is the highest common divisor of 2810463 and 498?
249
What is the greatest common factor of 3893380 and 1590?
530
What is the greatest common factor of 153 and 48297?
51
Calculate the highest common divisor of 50 and 479350.
50
Calculate the highest common factor of 94 and 297.
1
Calculate the highest common divisor of 1212 and 108.
12
What is the greatest common divisor of 58 and 355859?
29
What is the highest common factor of 43053 and 27051?
381
What is the highest common factor of 2810 and 6820?
10
What is the highest common factor of 2620 and 1591388?
524
Calculate the highest common divisor of 128 and 261472.
32
Calculate the highest common divisor of 1003058 and 14.
14
What is the greatest common divisor of 2060 and 760?
20
What is the greatest common divisor of 77 and 9742271?
77
What is the highest common divisor of 104930 and 50?
10
What is the greatest common divisor of 2074308 and 12?
12
What is the highest common divisor of 725 and 625?
25
What is the highest common divisor of 265205 and 145?
145
Calculate the greatest common divisor of 3052 and 99844.
436
Calculate the greatest common factor of 2933 and 111035.
419
What is the highest common factor of 126765 and 165?
15
Calculate the highest common divisor of 24 and 991308.
12
Calculate the greatest common divisor of 1140 and 122860.
20
Calculate the greatest common divisor of 6 and 9741234.
6
What is the highest common divisor of 10592 and 993?
331
What is the highest common divisor of 8000520 and 1160?
1160
What is the greatest common factor of 6 and 26247?
3
What is the greatest common divisor of 858 and 1629485?
143
What is the greatest common factor of 37135 and 85?
5
What is the greatest common divisor of 62 and 106?
2
What is the highest common divisor of 2993088 and 34?
34
Calculate the highest common factor of 56 and 992292.
28
Calculate the highest common divisor of 642 and 6596336.
214
What is the highest common divisor of 88 and 245982?
22
Calculate the highest common factor of 48 and 18651.
3
Calculate the greatest common factor of 103641 and 4296.
537
What is the greatest common factor of 35237 and 633?
211
What is the highest common factor of 53 and 64342?
53
What is the highest common divisor of 124279 and 71269?
589
What is the greatest common divisor of 4070 and 10763115?
2035
What is the greatest common divisor of 6808 and 2944?
184
What is the highest common factor of 13688 and 70760?
232
Calculate the greatest common factor of 26830 and 20.
10
Calculate the highest common divisor of 6440 and 11368.
56
What is the greatest common factor of 1035080 and 1582?
226
Calculate the highest common divisor of 1100 and 222508.
44
What is the highest common factor of 3222 and 83430?
18
What is the greatest common factor of 64 and 11576?
8
What is the greatest common factor of 56 and 157794?
14
Calculate the greatest common factor of 26 and 3016234.
26
Calculate the highest common factor of 178 and 78943.
89
What is the greatest common divisor of 4730 and 688?
86
Calculate the greatest common factor of 5331 and 3696160.
1777
Calculate the highest common divisor of 14 and 274239.
7
What is the greatest common divisor of 946 and 207862?
86
What is the highest common divisor of 209957 and 11?
11
Calculate the highest common factor of 19180 and 60.
20
Calculate the highest common divisor of 2660 and 1740172.
532
Calculate the highest common factor of 34 and 2311983.
17
Calculate the greatest common divisor of 16 and 344252.
4
What is the highest common factor of 2668810 and 20?
10
What is the greatest common divisor of 84847 and 31?
31
Calculate the highest common divisor of 9 and 1400787.
9
What is the greatest common divisor of 6570843 and 543?
543
Calculate the greatest common divisor of 4390134 and 42.
42
Calculate the greatest common divisor of 439208 and 198.
22
What is the highest common factor of 3141193 and 203?
29
What is the highest common divisor of 40590 and 2805?
165
What is the greatest common divisor of 44122 and 151033?
1697
What is the highest common factor of 351493 and 1107?
41
Calculate the highest common factor of 8076098 and 246.
82
Calculate the greatest common divisor of 39957 and 28741.
701
What is the greatest common divisor of 24 and 5524?
4
What is the highest common factor of 10414 and 3854?
82
What is the highest common factor of 522875 and 141?
47
What is the greatest common factor of 656416 and 64?
32
What is the greatest common factor of 96 and 2598?
6
What is the greatest common divisor of 24940680 and 677?
677
Calculate the highest common divisor of 323 and 1870493.
323
What is the highest common divisor of 618 and 254307?
309
What is the greatest common divisor of 25 and 156725?
25
Calculate the highest common divisor of 29432 and 19136.
104
What is the highest common factor of 964099 and 20937?
997
What is the greatest common divisor of 539842 and 846?
94
Calculate the highest common divisor of 16205 and 4340.
35
What is the greatest common divisor of 484 and 7084?
44
Calculate the greatest common factor of 24435 and 36.
9
Calculate the greatest common divisor of 46 and 140047.
23
Calculate the greatest common divisor of 42156 and 36.
36
What is the highest common factor of 656309 and 43?
43
What is the greatest common factor of 39655 and 2695?
385
What is the highest common divisor of 596058 and 2?
2
What is the greatest common divisor of 6 and 26745?
3
What is the highest common factor of 4969272 and 616?
616
What is the greatest common factor of 5740 and 2926?
14
Calculate the greatest common divisor of 199 and 249347.
199
Calculate the greatest common factor of 936 and 114336.
72
Calculate the greatest common factor of 9 and 3177450.
9
Calculate the greatest common divisor of 8946 and 8106.
42
What is the highest common factor of 2236 and 7787?
13
What is the greatest common factor of 1 and 9348?
1
Calculate the greatest common factor of 3182 and 2150.
86
Calculate the greatest common divisor of 25149 and 996.
249
What is the greatest common divisor of 123057 and 43731?
1017
What is the greatest common factor of 4318 and 6350?
254
Calculate the greatest common divisor of 14108 and 6.
2
What is the highest common factor of 60 and 31695?
15
Calculate the highest common factor of 140448 and 7581.
399
What is the greatest common divisor of 52360 and 38556?
476
What is the greatest common divisor of 905 and 550?
5
What is the highest common divisor of 435 and 2290?
5
What is the greatest common factor of 2610 and 21199?
29
Calculate the highest common divisor of 26634 and 6562.
386
What is the highest common factor of 5391 and 150349?
599
Calculate the greatest common divisor of 20336 and 4712.
248
Calculate the highest common factor of 295 and 179065.
295
What is the greatest common factor of 1694 and 60742?
242
What is the highest common factor of 8 and 69260?
4
Calculate the highest common divisor of 9628 and 55564.
116
What is the highest common divisor of 130326 and 535?
107
Calculate the highest common divisor of 31304 and 832.
104
Calculate the greatest common factor of 42912 and 792.
72
What is the greatest common factor of 2110 and 40?
10
What 